. Is 2/q + 1/(104/12568) a composite number?
True
Let s = -53 + 40. Let o be (s/(-3) - (-9)/(-3))*-321. Let x = o - -3637. Is x a composite number?
False
Suppose 22*q = 14*q + 4448. Let w = 1101 + q. Is w a composite number?
False
Suppose -3*k + 17910 = 2*b - 36310, -4*b - 2*k = -108448. Is b composite?
True
Let z = -403287 + 731388. Is z prime?
False
Is (2/5)/((-332)/(-80197090)) a composite number?
True
Let a be 110/20 - 2/(-4). Let f(x) = 19*x**2 - 4*x - 12. Let g be f(a). Is 1 + -1 + g - 1 a prime number?
True
Suppose 196 = -g + 3375. Suppose -d + u + 1735 = 0, 2*d - 289 = 3*u + g. Suppose -4*x = -3*w + 9205, -5*w + d + 13622 = 2*x. Is w a prime number?
False
Let g(w) = -360*w**2 + 25*w + 25. Let y be g(-18). Is y/195*(-22 - -1) composite?
True
Suppose -351628 = -10*i + 2539330 + 3366092. Is i prime?
False
Suppose 27*l + 5*f + 8199612 = 36*l, 4*l - f - 3644261 = 0. Is l a prime number?
True
Suppose 15*q + 150 = -0*q. Let z be 0*-1*(-5)/q. Suppose 10*u - 17*u + 3493 = z. Is u a composite number?
False
Let y(f) = 498*f**2 + 3*f - 43. Let g = 7 - 17. Is y(g) prime?
True
Suppose -z - 13781 = -6*z + 2*c, 5510 = 2*z - 2*c. Is (4/(-6))/(2 - 5516/z) composite?
False
Suppose -2 = r - 0*r, -3*i - 5*r = -5. Suppose 57824 = i*a + 7329. Is a composite?
False
Suppose -377*z + 380*z - r - 1748136 = 0, -3*z - 3*r = -1748148. Is z a composite number?
True
Let b = -40 - 5. Let n = -45 - b. Suppose 9*a - 5730 + 1239 = n. Is a prime?
True
Suppose 84*v = -3663001 + 24888037. Is v a composite number?
True
Is (6 + -18)/(-12)*500519 a composite number?
False
Let m be (11 + (-273)/35)/((-2)/685). Let h = m + 1595. Is h prime?
True
Let t(i) = 7 + 2 + 14*i - 6. Let r be (-14)/(-4) + 4/8. Is t(r) prime?
True
Let b = 40689 + -9454. Is b a prime number?
False
Is -7 + 122903 - (-4 + 7) a prime number?
False
Suppose -22*d + 173 = -3. Suppose -d*w + 3*w = -5575. Is w prime?
False
Let n(b) = 1294*b + 143. Is n(25) a composite number?
True
Let o be 44/8 + (-9)/6. Suppose -5*h - 46 = o*z, -3*z = 4*h - 7*z + 44. Is 20/(-50) + (-5414)/h a prime number?
True
Let p be ((-3)/(-6))/((-2)/8) + 5456. Suppose p + 937 = 11*n. Is n composite?
True
Suppose d + d - 1939 = w, 3*w - 2*d + 5797 = 0. Let f = w + 5353. Suppose f + 3484 = 4*q. Is q a composite number?
True
Suppose 4*k - 6*k + 2*m = -139876, -3*k - 5*m = -209774. Suppose 17*g + 21772 = k. Is g composite?
False
Suppose 10*l + 5*l - 462798 - 159117 = 0. Is l prime?
False
Let j be 13948/36 + (25/(-36) - (-73)/292). Suppose 922 = w + 284. Let q = w - j. Is q a composite number?
False
Let s = -1001071 - -1452230. Is s a prime number?
True
Is (-1811745)/(-12) - 3/(-12) a composite number?
False
Suppose -27*g - j = -25*g - 2963323, -g = -j - 1481666. Is g a composite number?
False
Is 21144 + 2 + (7 - 18) + 8 a composite number?
False
Suppose 228*p = 229*p - 32197. Is p a prime number?
False
Suppose -199 = 5*t - 59. Let j = t - 2. Is 41 + (115/j - (-2)/(-12)) a prime number?
True
Let v be (-7 - (3 + -11))/(1/2). Suppose v*s - 663 = -s. Is s a composite number?
True
Suppose -5*d - 6*j + 40 = -j, d - 12 = -2*j. Let x(r) = r**2 - 8*r + 13. Let y be x(d). Let a(k) = 63*k**2 - 2*k - 8. Is a(y) composite?
True
Is (-3)/3*(-3 + -102758) prime?
True
Let d(q) = q**2 - 2*q - 4. Suppose 0 = 9*b - 6*b + 18. Let z be d(b). Suppose z = 4*i - 264. Is i a composite number?
True
Suppose 0 = c - 3*p - 22, -3*c + 34 = 2*c + 4*p. Let j = c + 5. Is -1*5/(j/(-3009)) a composite number?
True
Suppose 67*y - 25*y - 2336771 - 1754491 = 0. Is y a composite number?
True
Suppose 13*l - 4*d + 1282596 = 17*l, 4*d = -3*l + 961942. Suppose 42*u = 25*u + l. Is u prime?
False
Let a(l) = 2*l**2 - 81*l + 1160. Is a(57) composite?
False
Let x be ((-4)/(-10))/((-4)/(-5))*950. Let f be x/38*(-4)/(-5). Suppose -p - 14841 = -f*p. Is p composite?
True
Suppose -55 = -4*j - 31. Suppose -8*o + j = -5*o. Is (-6955)/(-3) - -3 - o/6 prime?
False
Let y = 61136 - 35139. Is y prime?
True
Let h(w) = w**3 - 11*w**2 - 12*w - 7. Let o be h(12). Let c(t) = -4*t + 6. Let k(d) = 3*d - 5. Let q(n) = 4*c(n) + 5*k(n). Is q(o) composite?
True
Is 11 + (-23 - -11) + 1015742 a composite number?
True
Let j = 407 + 957. Let y = 5 + -7. Is j + 0 - (1 - y) a composite number?
False
Suppose 10*o - 28*b - 5344705 = -23*b, -4*b - 1068950 = -2*o. Is o prime?
False
Suppose 2 = 57*l - 59*l. Is (0 - l)/(4 + 103815/(-25955)) a composite number?
True
Let d be 1/(-2)*(-196 - -2). Let b = -65 + d. Suppose 0 = 2*t - 4*r - 862, 393 = t + r - b. Is t composite?
True
Let r be 7 - 8 - 6/(-1). Suppose r*d - 25312 = 12*d. Let j = 6515 + d. Is j a composite number?
True
Let g = -1866 - -1865. Suppose 12 + 20 = -4*h. Is 390 - g - (-16)/h a composite number?
False
Let j(s) be the third derivative of -11*s**4/6 + 101*s**3/2 - 2*s**2 + 209*s. Is j(-28) a prime number?
False
Let x = 52172 - 28003. Is x prime?
True
Let j be 4/((-60)/(-25)) + 4/12. Is (-2)/(5904/2954 - j) prime?
False
Let c(z) = -z**2 + z. Let s(r) = 8*r**2 - 5*r - 46. Let w(h) = 2*c(h) + s(h). Is w(5) composite?
False
Let i = 399 + 47. Suppose -50*g = -48*g - i. Is g a prime number?
True
Let g(u) = -3*u + 101. Let o be (-5 + -5)*-1 + 6. Is g(o) composite?
False
Let l(w) = 3*w**2 + 4*w - 5. Let t be l(1). Suppose 0 = t*r - 6, 2*k = k - 5*r + 252. Is k a composite number?
True
Let b = 9385 - 876. Is b a prime number?
False
Is -1 + 10/14 - 243562701/(-1043) a prime number?
False
Let c(v) = v**2 - 14*v - 13. Let w be c(16). Suppose 0 = -0*b - 8*b + 5736. Suppose w*h = 16*h + b. Is h a composite number?
False
Let b(p) = p + 8. Let j be b(-11). Let a be 1/(1*j/6). Is (-998)/(-2) + (a + 1 - -1) prime?
True
Let d(b) = -b**3 - 24*b**2 - 23*b + 15. Let h be d(-23). Suppose h*z = 6*z + 333. Is z a prime number?
True
Suppose 91*r + 2572 = 95*r. Suppose 0 = -g + 8364 + r. Is g composite?
False
Is (6/12 - -1)/(27/9972756*2) a prime number?
True
Let i(r) = 520*r + 78. Let w be i(21). Let l = 2923 + w. Is l a composite number?
False
Let t be 3 + -3 - 2 - (-7 - -2). Suppose -6*o = -2*s - o + 1542, 2*o - 2351 = -t*s. Is s prime?
False
Let s be (10/(40/(-2262)))/((-6)/64). Suppose b + 834 - 2345 = -u, 4*b - s = -u. Is b a prime number?
False
Suppose 308*w = 307*w + 4*o + 133659, 4*w + o - 534653 = 0. Is w a composite number?
True
Let u(i) be the third derivative of 0 - 18*i**2 - 1/2*i**3 + 0*i + 1/12*i**4 + 19/6*i**5. Is u(2) a composite number?
False
Suppose 37672 + 51969 = 2*m + 5*j, -2*m + 5*j = -89571. Is m prime?
False
Let x(f) = 19*f**3 + 5*f**2 - 4*f + 17. Let g(h) = -h**3 - h + 2. Let c(j) = 2*g(j) - x(j). Is c(-5) prime?
True
Suppose -234698 - 2100971 = -5*u - 4*p, 0 = 4*u - 4*p - 1868492. Is u composite?
True
Let y be (-155)/31*(1 - 2). Suppose -12811 = -y*t + 2*l + 16936, -2*t - 3*l = -11914. Is t a composite number?
True
Let o(r) be the first derivative of -677*r**2/2 + 33*r - 62. Is o(-4) prime?
True
Let g(c) = -c**2 + 2*c + 3. Let v be g(2). Suppose v*r = -12778 + 32911. Is r a composite number?
True
Let s(z) = -z**3 - 6*z**2 - 5*z - 1. Let c be s(-2). Suppose -8 = 5*t - t. Is t - c/(7/375) a prime number?
True
Let y be (64/80)/((-1)/40). Let r = y + 36. Suppose 0*t + r*j - 203 = -t, -3*j = -9. Is t a composite number?
False
Let v = 5832 - 429. Let p = 13550 - v. Is p prime?
True
Let o = 39 - 43. Let v be 0/(((-4)/(-1))/o) - -5. Suppose 11*y + v*y - 7184 = 0. Is y a prime number?
True
Let n = 45 - 47. Let x(k) = -k**2 - 2. Let c be x(n). Is 7579/39 + 2/c a composite number?
True
Let c = 592143 - 78338. Is c a prime number?
False
Let h(s) = s**2 + s - 18. Suppose 0*t - t = 5. Let n be h(t). Suppose z = -3, -991 = -u - 0*u + n*z. Is u a prime number?
False
Let o(k) = -k**3 - k**2 + 1. Let u(i) = -3*i**3 + 6*i**2 - 8*i - 8. Let y(w) = -o(w) - u(w). Is y(8) a prime number?
False
Let r(o) = 4*o**2 + 40*o - 546. Is r(34) prime?
False
Let s(i) = 2*i**2 + 26*i + 27. Let d be s(-12). Is 1/(26/8 - d) - -10407 a composite number?
True
Let i = 1003981 + -210087. Is i a composite number?
True
Suppose 11 = -2*f - 3*s + 4, -4*s + 9 = -f. Let v = 9 + f. Suppose 5*o = -v*q + 1095, 0 = -3*o + q + q + 679. Is o a prime number?
True
Let c = 425 + -419. Is (45828 + -1)*c/6 a prime number?
True
Let d(x) = -x**2 - 18*x - 57. Let z be d(-8). Suppose 35510 = z*m - 112817. Is m a prime nu